321?
12
What is the remainder when 70206 is divided by 14?
10
Calculate the remainder when 6169 is divided by 329.
247
Calculate the remainder when 19176 is divided by 353.
114
Calculate the remainder when 573434 is divided by 46.
44
What is the remainder when 21749 is divided by 1460?
1309
What is the remainder when 117379 is divided by 464?
451
What is the remainder when 40293 is divided by 265?
13
What is the remainder when 93301 is divided by 11?
10
What is the remainder when 18441 is divided by 29?
26
What is the remainder when 1243 is divided by 19?
8
Calculate the remainder when 2282 is divided by 104.
98
Calculate the remainder when 10387 is divided by 24.
19
Calculate the remainder when 190328 is divided by 70.
68
Calculate the remainder when 41523 is divided by 28.
27
What is the remainder when 1738 is divided by 30?
28
What is the remainder when 15827 is divided by 1318?
11
What is the remainder when 8619 is divided by 26?
13
Calculate the remainder when 2527 is divided by 845.
837
Calculate the remainder when 823 is divided by 287.
249
Calculate the remainder when 7426 is divided by 266.
244
Calculate the remainder when 8235 is divided by 284.
283
Calculate the remainder when 186935 is divided by 1247.
1132
Calculate the remainder when 34715 is divided by 32.
27
What is the remainder when 1180 is divided by 928?
252
Calculate the remainder when 14028 is divided by 203.
21
Calculate the remainder when 238539 is divided by 46.
29
What is the remainder when 63101 is divided by 68?
65
Calculate the remainder when 801118 is divided by 10404.
10
Calculate the remainder when 1690751 is divided by 26.
23
Calculate the remainder when 970 is divided by 422.
126
What is the remainder when 116260 is divided by 172?
160
What is the remainder when 47417 is divided by 55?
7
Calculate the remainder when 1079 is divided by 807.
272
What is the remainder when 448867 is divided by 287?
286
What is the remainder when 4997 is divided by 177?
41
Calculate the remainder when 655 is divided by 56.
39
What is the remainder when 3376 is divided by 482?
2
What is the remainder when 1822 is divided by 594?
40
Calculate the remainder when 2394064 is divided by 82.
74
Calculate the remainder when 9694 is divided by 3594.
2506
What is the remainder when 369 is divided by 212?
157
Calculate the remainder when 2072883 is divided by 1487.
5
What is the remainder when 5626949 is divided by 1165?
1164
Calculate the remainder when 210 is divided by 192.
18
What is the remainder when 1477 is divided by 358?
45
What is the remainder when 209168 is divided by 3545?
13
Calculate the remainder when 16101 is divided by 24.
21
Calculate the remainder when 113607 is divided by 74.
17
Calculate the remainder when 2821 is divided by 26.
13
Calculate the remainder when 6876 is divided by 1367.
41
What is the remainder when 7639 is divided by 3794?
51
What is the remainder when 130074 is divided by 51?
24
What is the remainder when 751959 is divided by 40?
39
Calculate the remainder when 24050 is divided by 2004.
2
Calculate the remainder when 3913 is divided by 22.
19
Calculate the remainder when 22765 is divided by 542.
1
Calculate the remainder when 31329 is divided by 27.
9
Calculate the remainder when 2823 is divided by 238.
205
Calculate the remainder when 29479 is divided by 31.
29
Calculate the remainder when 10363 is divided by 14.
3
What is the remainder when 53125 is divided by 127?
39
What is the remainder when 36382 is divided by 69?
19
Calculate the remainder when 12109 is divided by 5918.
273
Calculate the remainder when 56780 is divided by 27.
26
Calculate the remainder when 3405883 is divided by 22.
19
What is the remainder when 70163 is divided by 23379?
26
Calculate the remainder when 7758 is divided by 6271.
1487
What is the remainder when 19584 is divided by 593?
15
Calculate the remainder when 22458 is divided by 219.
120
What is the remainder when 2803 is divided by 458?
55
What is the remainder when 564555 is divided by 69?
66
Calculate the remainder when 621 is divided by 372.
249
Calculate the remainder when 4574 is divided by 2231.
112
Calculate the remainder when 3911 is divided by 157.
143
What is the remainder when 119474 is divided by 163?
158
What is the remainder when 127300 is divided by 192?
4
Calculate the remainder when 19553 is divided by 356.
329
What is the remainder when 7004 is divided by 2773?
1458
Calculate the remainder when 143563 is divided by 143558.
5
Calculate the remainder when 12146 is divided by 2021.
20
Calculate the remainder when 8721 is divided by 65.
11
What is the remainder when 1639 is divided by 815?
9
Calculate the remainder when 399715 is divided by 4.
3
Calculate the remainder when 28986 is divided by 960.
186
Calculate the remainder when 1273 is divided by 636.
1
What is the remainder when 4452 is divided by 1069?
176
What is the remainder when 106172 is divided by 24?
20
What is the remainder when 55865 is divided by 1596?
5
Calculate the remainder when 2361 is divided by 1169.
23
What is the remainder when 1885 is divided by 299?
91
What is the remainder when 2049 is divided by 2040?
9
What is the remainder when 303863 is divided by 12?
11
What is the remainder when 877143 is divided by 5?
3
Calculate the remainder when 3508 is divided by 292.
4
What is the remainder when 48361 is divided by 24180?
1
What is the remainder when 184216 is divided by 244?
240
What is the remainder when 43473 is divided by 971?
749
What is the remainder when 3389 is divided by 1680?
29
What is the remainder when 17311 is divided by 107?
84
What is the remainder when 24979 is divided by 861?
10
Calculate the remainder when 12109 is divided by 110.
9
Calculate the remainder when 5171 is divided by 326.
281
What is the remainder when 7177 is divided by 2198?
583
Calculate the remainder when 794624 is divided by 489.
488
What is the remainder when 61838 is divided by 512?
398
What is the remainder when 36171 is divided by 570?
261
Calculate the remainder when 39464 is divided by 19724.
16
Calculate the remainder when 1961140 is divided by 40.
20
Calculate the remainder when 84757 is divided by 84745.
12
Calculate the remainder when 116266 is divided by 208.
202
What is the remainder when 1771 is divided by 884?
3
Calculate the remainder when 13954 is divided by 86.
22
Calculate the remainder when 2798383 is divided by 163.
162
What is the remainder when 82786 is divided by 23?
9
Calculate the remainder when 851763 is divided by 146.
145
What is the remainder when 56367 is divided by 9389?
33
What is the remainder when 11430 is divided by 215?
35
Calculate the remainder when 18795 is divided by 357.
231
Calculate the remainder when 25678 is divided by 16.
14
Calculate the remainder when 12824 is divided by 201.
161
Calculate the remainder when 240661 is divided by 127.
123
Calculate the remainder when 1141689 is divided by 534.
531
What is the remainder when 13009 is divided by 2154?
85
What is the remainder when 207460 is divided by 19?
18
Calculate the remainder when 4054 is divided by 394.
114
Calculate the remainder when 1243736 is divided by 153.
152
Calculate the remainder when 34703 is divided by 134.
131
What is the remainder when 8221 is divided by 1314?
337
Calculate the remainder when 4677 is divided by 1549.
30
Calculate the remainder when 31815 is divided by 103.
91
What is the remainder when 11496 is divided by 11475?
21
Calculate the remainder when 12929 is divided by 495.
59
What is the remainder when 3717 is divided by 112?
21
What is the remainder when 444921 is divided by 481?
477
Calculate the remainder when 6298 is divided by 539.
369
Calculate the remainder when 543159 is divided by 6.
3
Calculate the remainder when 7290 is divided by 134.
54
Calculate the remainder when 1836 is divided by 879.
78
What is the remainder when 6323 is divided by 3139?
45
Calculate the remainder when 7306 is divided by 3349.
608
Calculate the remainder when 1180 is divided by 346.
142
Calculate the remainder when 936 is divided by 606.
330
Calculate the remainder when 8565 is divided by 252.
249
What is the remainder when 29413 is divided by 12?
1
Calculate the remainder when 4834 is divided by 86.
18
Calculate the remainder when 303